{"id":64368,"date":"2026-01-20T11:53:47","date_gmt":"2026-01-20T10:53:47","guid":{"rendered":"https:\/\/www.facts.be\/?post_type=guest&#038;p=64368"},"modified":"2026-01-20T11:54:02","modified_gmt":"2026-01-20T10:54:02","slug":"jared-padalecki","status":"publish","type":"guest","link":"https:\/\/www.facts.be\/fr\/speaker\/jared-padalecki\/","title":{"rendered":"Jared Padalecki"},"content":{"rendered":"\n<ul class=\"wp-block-list\">\n<li>Sam Winchester dans <strong>Supernatural<\/strong><\/li>\n\n\n\n<li>Dean Forester dans <strong>Gilmore Girls<\/strong><\/li>\n\n\n\n<li>Cordell Walker dans <strong>Walker<\/strong><\/li>\n\n\n\n<li>Tom dans <strong>Cry Wolf<\/strong><\/li>\n\n\n\n<li>Clay Miller dans <strong>Vendredi 13<\/strong><\/li>\n\n\n\n<li>Wade dans <strong>La Maison de cire<\/strong><\/li>\n<\/ul>\n\n<p><strong>COURTE BIOGRAPHIE<\/strong><\/p>\n\n<p>Au sein des tribus geek et au-del\u00e0, Jared Padalecki jouit d&rsquo;un statut de superstar incontest\u00e9 dans le r\u00f4le de Sam Winchester dans <strong>Supernatural<\/strong>. Avec 327 \u00e9pisodes principaux r\u00e9partis sur 15 ans (2005-2020), un r\u00f4le vocal dans une s\u00e9rie d\u00e9riv\u00e9e anim\u00e9e et un public nombreux et enthousiaste, Padalecki m\u00e9rite d&rsquo;\u00eatre c\u00e9l\u00e9br\u00e9 chaque fois que l&rsquo;occasion se pr\u00e9sente.<\/p>\n\n<p>Vous le reconna\u00eetrez peut-\u00eatre \u00e9galement dans le r\u00f4le de Dean Forester dans <strong>Gilmore Girls<\/strong>, sans doute son premier v\u00e9ritable r\u00f4le marquant. Son talent naturel d&rsquo;acteur, son esprit et son charme ont \u00e9lev\u00e9 ce personnage \u00e0 des sommets in\u00e9gal\u00e9s.<\/p>\n\n<p>Parmi ses autres apparitions notables et r\u00f4les principaux, citons Cordell Walker dans la nouvelle version de Walker: Texas Ranger intitul\u00e9e \u00ab <strong>Walker<\/strong> \u00bb, des films d&rsquo;horreur tels que <strong>Cry Wolf, Vendredi 13 <\/strong>et <strong>La Maison de cire<\/strong>, et bien d&rsquo;autres encore.<\/p>\n\n<p><strong>Jared Padalecki sera pr\u00e9sent le samedi 11 avril et le dimanche 12 avril 2026 au Flanders Expo Ghent. Vous pourrez le rencontrer lors de s\u00e9ances photos, de s\u00e9ances d&rsquo;autographes et de grandes s\u00e9ances de questions-r\u00e9ponses.<\/strong><\/p>\n\n<p><strong>BONUS<\/strong><\/p>\n\n<p>Sa femme et sa co-star dans Supernatural, <strong>Genevieve Padalecki<\/strong>, se joindra \u00e0 lui pendant les deux jours pour participer aux m\u00eames activit\u00e9s et profiter des m\u00eames occasions !<\/p>\n\n<figure class=\"wp-block-embed is-type-video is-provider-youtube wp-block-embed-youtube wp-embed-aspect-16-9 wp-has-aspect-ratio\"><div class=\"wp-block-embed__wrapper\">\r\n<iframe title=\"Sam and Dean Learn They\u2019re Men of Letters | Supernatural\" width=\"800\" height=\"450\" src=\"https:\/\/www.youtube.com\/embed\/mPMK5Ek9DoM?feature=oembed\" frameborder=\"0\" allow=\"accelerometer; autoplay; clipboard-write; encrypted-media; gyroscope; picture-in-picture; web-share\" referrerpolicy=\"strict-origin-when-cross-origin\" allowfullscreen><\/iframe>\r\n<\/div><\/figure><br>\n","protected":false},"excerpt":{"rendered":"<p>Gr\u00e2ce \u00e0 ses r\u00f4les tr\u00e8s populaires de Sam Winchester dans Supernatural, Dean dans Gilmore Girls et bien d&rsquo;autres encore, l&rsquo;acteur am\u00e9ricain Jared Padalecki s&rsquo;est impos\u00e9 comme une star incontournable. Et maintenant, vous aurez la chance de le rencontrer \u00e0 FACTS en 2026 !<\/p>\n","protected":false},"featured_media":64320,"template":"","meta":{"_seopress_robots_primary_cat":"","_seopress_titles_title":"Jared Padalecki sera \u00e0 Gand les 11 et 12 avril 2026 !","_seopress_titles_desc":"Rencontrez Sam Winchester de Supernatural et Dean de Gilmore Girls lors de s\u00e9ances photos, de tables rondes et bien plus encore, au Flanders Expo de Gand, lors du FACTS !","_seopress_robots_index":"","_company_name":"","_job_title":"","_visit_me":"","_email":"","_linkedin":"","_twitter":"","_facebook":"","_instagram":"","_youtube":"","_imdb":"","footnotes":""},"edition":[],"guest_type":[],"work":[],"class_list":["post-64368","guest","type-guest","status-publish","has-post-thumbnail","hentry"],"_cover_image":{"href":"https:\/\/www.facts.be\/fr\/wp-json\/wp\/v2\/media\/64348"},"_links":{"self":[{"href":"https:\/\/www.facts.be\/fr\/wp-json\/wp\/v2\/guest\/64368","targetHints":{"allow":["GET"]}}],"collection":[{"href":"https:\/\/www.facts.be\/fr\/wp-json\/wp\/v2\/guest"}],"about":[{"href":"https:\/\/www.facts.be\/fr\/wp-json\/wp\/v2\/types\/guest"}],"version-history":[{"count":3,"href":"https:\/\/www.facts.be\/fr\/wp-json\/wp\/v2\/guest\/64368\/revisions"}],"predecessor-version":[{"id":69640,"href":"https:\/\/www.facts.be\/fr\/wp-json\/wp\/v2\/guest\/64368\/revisions\/69640"}],"wp:featuredmedia":[{"embeddable":true,"href":"https:\/\/www.facts.be\/fr\/wp-json\/wp\/v2\/media\/64320"}],"wp:attachment":[{"href":"https:\/\/www.facts.be\/fr\/wp-json\/wp\/v2\/media?parent=64368"}],"wp:term":[{"taxonomy":"edition","embeddable":true,"href":"https:\/\/www.facts.be\/fr\/wp-json\/wp\/v2\/edition?post=64368"},{"taxonomy":"guest_type","embeddable":true,"href":"https:\/\/www.facts.be\/fr\/wp-json\/wp\/v2\/guest_type?post=64368"},{"taxonomy":"work","embeddable":true,"href":"https:\/\/www.facts.be\/fr\/wp-json\/wp\/v2\/work?post=64368"}],"curies":[{"name":"wp","href":"https:\/\/api.w.org\/{rel}","templated":true}]}}

<ul class="wp-block-list">
<li>Sam Winchester dans <strong>Supernatural</strong></li>



<li>Dean Forester dans <strong>Gilmore Girls</strong></li>



<li>Cordell Walker dans <strong>Walker</strong></li>



<li>Tom dans <strong>Cry Wolf</strong></li>



<li>Clay Miller dans <strong>Vendredi 13</strong></li>



<li>Wade dans <strong>La Maison de cire</strong></li>
</ul>

<p><strong>COURTE BIOGRAPHIE</strong></p>

<p>Au sein des tribus geek et au-delà, Jared Padalecki jouit d&rsquo;un statut de superstar incontesté dans le rôle de Sam Winchester dans <strong>Supernatural</strong>. Avec 327 épisodes principaux répartis sur 15 ans (2005-2020), un rôle vocal dans une série dérivée animée et un public nombreux et enthousiaste, Padalecki mérite d&rsquo;être célébré chaque fois que l&rsquo;occasion se présente.</p>

<p>Vous le reconnaîtrez peut-être également dans le rôle de Dean Forester dans <strong>Gilmore Girls</strong>, sans doute son premier véritable rôle marquant. Son talent naturel d&rsquo;acteur, son esprit et son charme ont élevé ce personnage à des sommets inégalés.</p>

<p>Parmi ses autres apparitions notables et rôles principaux, citons Cordell Walker dans la nouvelle version de Walker: Texas Ranger intitulée « <strong>Walker</strong> », des films d&rsquo;horreur tels que <strong>Cry Wolf, Vendredi 13 </strong>et <strong>La Maison de cire</strong>, et bien d&rsquo;autres encore.</p>

<p><strong>Jared Padalecki sera présent le samedi 11 avril et le dimanche 12 avril 2026 au Flanders Expo Ghent. Vous pourrez le rencontrer lors de séances photos, de séances d&rsquo;autographes et de grandes séances de questions-réponses.</strong></p>

<p><strong>BONUS</strong></p>

<p>Sa femme et sa co-star dans Supernatural, <strong>Genevieve Padalecki</strong>, se joindra à lui pendant les deux jours pour participer aux mêmes activités et profiter des mêmes occasions !</p>

<figure class="wp-block-embed is-type-video is-provider-youtube wp-block-embed-youtube wp-embed-aspect-16-9 wp-has-aspect-ratio"><div class="wp-block-embed__wrapper">
<iframe title="Sam and Dean Learn They’re Men of Letters | Supernatural" width="800" height="450" src="https://www.youtube.com/embed/mPMK5Ek9DoM?feature=oembed" frameborder="0" allow="accelerometer; autoplay; clipboard-write; encrypted-media; gyroscope; picture-in-picture; web-share" referrerpolicy="strict-origin-when-cross-origin" allowfullscreen></iframe>
</div></figure><br>

<p>Grâce à ses rôles très populaires de Sam Winchester dans Supernatural, Dean dans Gilmore Girls et bien d&rsquo;autres encore, l&rsquo;acteur américain Jared Padalecki s&rsquo;est imposé comme une star incontournable. Et maintenant, vous aurez la chance de le rencontrer à FACTS en 2026 !</p>

Jared Padalecki sera à Gand les 11 et 12 avril 2026 !

Rencontrez Sam Winchester de Supernatural et Dean de Gilmore Girls lors de séances photos, de tables rondes et bien plus encore, au Flanders Expo de Gand, lors du FACTS !
