{"id":64373,"date":"2026-01-20T11:54:27","date_gmt":"2026-01-20T10:54:27","guid":{"rendered":"https:\/\/www.facts.be\/?post_type=guest&#038;p=64373"},"modified":"2026-01-20T11:54:42","modified_gmt":"2026-01-20T10:54:42","slug":"genevieve-padalecki","status":"publish","type":"guest","link":"https:\/\/www.facts.be\/fr\/speaker\/genevieve-padalecki\/","title":{"rendered":"Genevieve Padalecki"},"content":{"rendered":"\n<ul class=\"wp-block-list\">\n<li>Ruby dans <strong>Supernatural<\/strong><\/li>\n\n\n\n<li>Emily Walker dans <strong>Walker<\/strong><\/li>\n\n\n\n<li>Veronica dans <strong>Hated<\/strong><\/li>\n\n\n\n<li>Kris Furillo dans <strong>Wildfire<\/strong><\/li>\n\n\n\n<li>Tracy Stark dans <strong>Flashforward<\/strong><\/li>\n<\/ul>\n\n<p><strong>Genevieve Cortese sera pr\u00e9sente les 11 et 12 avril 2026 \u00e0 Flanders Expo Gand. Vous pourrez la rencontrer lors de s\u00e9ances photos, de s\u00e9ances d&rsquo;autographes, et de grandes s\u00e9ances de questions-r\u00e9ponses.<\/strong><\/p>\n\n<p><strong>BONUS<\/strong><\/p>\n\n<p>Son mari et co-star dans Supernatural, Jared Padalecki, se joindra \u00e0 elle pendant les deux jours pour participer aux m\u00eames activit\u00e9s et profiter des m\u00eames occasions !<\/p>\n\n<figure class=\"wp-block-embed is-type-video is-provider-youtube wp-block-embed-youtube wp-embed-aspect-16-9 wp-has-aspect-ratio\"><div class=\"wp-block-embed__wrapper\">\r\n<iframe title=\"SPN 4x04 - Dean, Sam &amp; Ruby &quot;Anything you wanna tell me, Sam?&quot;\" width=\"800\" height=\"450\" src=\"https:\/\/www.youtube.com\/embed\/O066PsYp87U?feature=oembed\" frameborder=\"0\" allow=\"accelerometer; autoplay; clipboard-write; encrypted-media; gyroscope; picture-in-picture; web-share\" referrerpolicy=\"strict-origin-when-cross-origin\" allowfullscreen><\/iframe>\r\n<\/div><\/figure><br>\n","protected":false},"excerpt":{"rendered":"<p>L&rsquo;actrice am\u00e9ricaine Genevieve Cortese est surtout connue pour ses r\u00f4les de Ruby dans Supernatural, Emily dans Walker et Kris dans Wildfire. Venez la rencontrer les 11 et 12 avril au Flanders Expo, \u00e0 Gand !<\/p>\n","protected":false},"featured_media":64302,"template":"","meta":{"_seopress_robots_primary_cat":"","_seopress_titles_title":"Supernatural actress Genevieve Padalecki is coming to Ghent!","_seopress_titles_desc":"Probably best known for her role as Ruby in Supernatural, Emily in Walker, and Kris in Wildfire. Meet her on April 11-12 2026 in Flanders Expo, Ghent!","_seopress_robots_index":"","_company_name":"","_job_title":"","_visit_me":"","_email":"","_linkedin":"","_twitter":"","_facebook":"","_instagram":"","_youtube":"","_imdb":"","footnotes":""},"edition":[],"guest_type":[],"work":[],"class_list":["post-64373","guest","type-guest","status-publish","has-post-thumbnail","hentry"],"_cover_image":{"href":"https:\/\/www.facts.be\/fr\/wp-json\/wp\/v2\/media\/64354"},"_links":{"self":[{"href":"https:\/\/www.facts.be\/fr\/wp-json\/wp\/v2\/guest\/64373","targetHints":{"allow":["GET"]}}],"collection":[{"href":"https:\/\/www.facts.be\/fr\/wp-json\/wp\/v2\/guest"}],"about":[{"href":"https:\/\/www.facts.be\/fr\/wp-json\/wp\/v2\/types\/guest"}],"version-history":[{"count":4,"href":"https:\/\/www.facts.be\/fr\/wp-json\/wp\/v2\/guest\/64373\/revisions"}],"predecessor-version":[{"id":69642,"href":"https:\/\/www.facts.be\/fr\/wp-json\/wp\/v2\/guest\/64373\/revisions\/69642"}],"wp:featuredmedia":[{"embeddable":true,"href":"https:\/\/www.facts.be\/fr\/wp-json\/wp\/v2\/media\/64302"}],"wp:attachment":[{"href":"https:\/\/www.facts.be\/fr\/wp-json\/wp\/v2\/media?parent=64373"}],"wp:term":[{"taxonomy":"edition","embeddable":true,"href":"https:\/\/www.facts.be\/fr\/wp-json\/wp\/v2\/edition?post=64373"},{"taxonomy":"guest_type","embeddable":true,"href":"https:\/\/www.facts.be\/fr\/wp-json\/wp\/v2\/guest_type?post=64373"},{"taxonomy":"work","embeddable":true,"href":"https:\/\/www.facts.be\/fr\/wp-json\/wp\/v2\/work?post=64373"}],"curies":[{"name":"wp","href":"https:\/\/api.w.org\/{rel}","templated":true}]}}

<ul class="wp-block-list">
<li>Ruby dans <strong>Supernatural</strong></li>



<li>Emily Walker dans <strong>Walker</strong></li>



<li>Veronica dans <strong>Hated</strong></li>



<li>Kris Furillo dans <strong>Wildfire</strong></li>



<li>Tracy Stark dans <strong>Flashforward</strong></li>
</ul>

<p><strong>Genevieve Cortese sera présente les 11 et 12 avril 2026 à Flanders Expo Gand. Vous pourrez la rencontrer lors de séances photos, de séances d&rsquo;autographes, et de grandes séances de questions-réponses.</strong></p>

<p><strong>BONUS</strong></p>

<p>Son mari et co-star dans Supernatural, Jared Padalecki, se joindra à elle pendant les deux jours pour participer aux mêmes activités et profiter des mêmes occasions !</p>

<figure class="wp-block-embed is-type-video is-provider-youtube wp-block-embed-youtube wp-embed-aspect-16-9 wp-has-aspect-ratio"><div class="wp-block-embed__wrapper">
<iframe title="SPN 4x04 - Dean, Sam &amp; Ruby &quot;Anything you wanna tell me, Sam?&quot;" width="800" height="450" src="https://www.youtube.com/embed/O066PsYp87U?feature=oembed" frameborder="0" allow="accelerometer; autoplay; clipboard-write; encrypted-media; gyroscope; picture-in-picture; web-share" referrerpolicy="strict-origin-when-cross-origin" allowfullscreen></iframe>
</div></figure><br>

<p>L&rsquo;actrice américaine Genevieve Cortese est surtout connue pour ses rôles de Ruby dans Supernatural, Emily dans Walker et Kris dans Wildfire. Venez la rencontrer les 11 et 12 avril au Flanders Expo, à Gand !</p>
